 - 44 = 5*z, 5*m - 8*m + 5*z = -172. Let s be m + ((-27)/21 - 6/(-21)). What is the greatest common factor of l and s?
9
Suppose -1414 + 127 = -271*w + 68. Let x be (2/(-4))/((-2)/260). Calculate the greatest common divisor of x and w.
5
Let i = -73 - -76. Suppose 5*x - 85 = -4*o + 2*x, 0 = 3*o - i*x - 69. Suppose 0 = 5*r - 157 + o. What is the greatest common factor of r and 18?
9
Let t be ((-9 - -5) + 171)*27. Calculate the highest common divisor of 334 and t.
167
Suppose -42*h = -45*h - 13*c + 230, 2*h = -3*c + 108. Let q(y) = 88*y**2 - 3*y - 3. Let x be q(-3). Calculate the greatest common divisor of x and h.
42
Suppose 0 = 3*m, -3*c = m - 25 - 263. Suppose -9*d + 216 = -0*d. What is the greatest common factor of c and d?
24
Let q be (-20 - 0)*(-85)/68. Let j = q + -24. Let p be -1 + ((-78)/j)/((-12)/8). Calculate the greatest common divisor of p and 34.
17
Suppose 0*l - 9*l = -124*l + 21620. What is the highest common divisor of l and 16?
4
Suppose 759 = 3*h + 2*f - 747, -f - 507 = -h. Suppose 122*v + h = 128*v. What is the highest common divisor of v and 210?
42
Let h be (1595/165)/((1/(-1))/(-3)). Suppose 0 = 13*z + h*z - 168. Calculate the greatest common divisor of 70 and z.
2
Let b(a) = 4*a**2 + 54*a - 82. Let n be b(-19). What is the greatest common divisor of 1554 and n?
42
Let d be 5*(-1 - 0)*30/(-75). Suppose 0 = -3*c - d*s + 50, 3*s + s = -2*c + 36. Calculate the highest common factor of 264 and c.
8
Let f = -334 + 336. Suppose 0 = 2*g + r + 1, 4*g + f*r = 6*g - 14. Calculate the highest common factor of g and 166.
2
Let x = -822 - -838. Calculate the greatest common divisor of 30 and x.
2
Let n be ((-6)/(-6))/(0 - -1)*-1. Let u(q) = 15*q**2. Let d be u(n). Let m = 292 + -142. Calculate the highest common factor of d and m.
15
Let d(r) = 54*r + 76. Let w be d(-2). Let l be (w - -23)*(-3)/3. Calculate the highest common factor of l and 225.
9
Let p = -2881 + 2894. Calculate the greatest common divisor of 3 and p.
1
Let a(y) = -8*y + 36. Let h be a(4). Suppose -h*z = -6*s + 10*s - 1564, -s + 375 = -3*z. Calculate the greatest common divisor of s and 43.
43
Let l = -378 + 390. Suppose 5*q - 10*q - 25 = 0. Let a = 1 - q. Calculate the highest common divisor of l and a.
6
Suppose 7*d + 5*i - 65 = 56, -5*d - 4*i = -86. What is the highest common factor of 7002 and d?
18
Let t = -1069 + 1072. Calculate the greatest common factor of t and 672.
3
Suppose 3*a + 110 = -4*n, -4*n = -3*n + 2*a + 25. Let h be 2/4 + 82/(-4). Let r = h - n. Calculate the highest common factor of r and 36.
9
Let h = -16673 - -16761. Calculate the highest common divisor of h and 3498.
22
Suppose -10*o + 12*o + 136 = 0. Let m = 112 + o. Calculate the highest common factor of 22 and m.
22
Let t(i) = -18*i - 8*i**2 - 63*i**3 - 2*i**2 + 6 + 64*i**3 + 3*i**2. Let f be t(10). Calculate the greatest common divisor of f and 168.
42
Let x(o) = o**2 - 27*o + 250. Let u be (-10)/35 - (-1416)/56. Let m be x(u). Calculate the highest common divisor of 120 and m.
40
Let n be (13/3)/(4*(-4)/(-48)). Suppose 2*k = 4*v + 736, -4*k - 11*v + 1484 = -n*v. Calculate the greatest common divisor of 12 and k.
12
Suppose -2*n + 7 = -l, -n = -l - 6*n - 35. Let p be ((-14)/5)/(6/l). Suppose 11 + 3 = s. Calculate the highest common factor of p and s.
7
Let l(j) = -3*j + 3. Let f be l(4). Let k be 82/8 + f/36. Suppose 0*q = -k*q + 880. Calculate the greatest common factor of q and 8.
8
Suppose 3*v + 4*s + 240 = -0*v, -s = -2*v - 160. Let m be 0 - (-1972)/10 - 64/v. What is the highest common factor of 11 and m?
11
Suppose 5*s + 132*o - 167 = 135*o, 70 = 2*s + 2*o. What is the highest common factor of 578 and s?
34
Let f be ((-8 + 4)/12)/(2/(-90)). Suppose 2*m - 32 = 5*d - 0*d, m - 3*d - f = 0. Calculate the greatest common divisor of 84 and m.
21
Let s be (201/(-536))/((-6)/20)*228. Suppose -3*r - 2*r + 75 = 0. Calculate the highest common factor of s and r.
15
Suppose -6*s = -2*n - 31156, -3*s + 3*n + 12887 + 2677 = 0. What is the highest common divisor of 5 and s?
5
Suppose -90 - 218 = -22*a. Let h = 24 - 15. Suppose -h*p + 8*p + 4 = 0. What is the highest common divisor of p and a?
2
Suppose -5*i + 2*s = -25, -14 + 34 = -4*s. Suppose -3*r = -8*r - i*g + 509, -3*r = -4*g - 288. Calculate the highest common divisor of 16 and r.
4
Suppose -2*u = -4 + 8. Let q be (u - -5) + (-3 - -1). Let p be 25 + (4 - q/1). Calculate the greatest common factor of p and 42.
14
Suppose 2*j + 5*y = 0, -4*y = 3*j + y - 10. Suppose 0 = -4*a + 2*a + j. Suppose -8*d = -185 - 175. What is the greatest common factor of a and d?
5
Let c be (-65)/2*(-734)/1835. Calculate the greatest common divisor of c and 279.
1
Let w be 1/(-2) + (-66)/(-4). Suppose k - 6 = 2*b, 0*b = -2*k - 4*b - 20. Let r = w + k. What is the greatest common factor of r and 56?
14
Let n(f) = -11*f + 21. Let h be n(-2). Let x = h + 155. Calculate the greatest common factor of x and 54.
18
Suppose 4*q = -o + 1462, -3*q + o + 607 = -479. What is the greatest common factor of 36 and q?
4
Let t(o) = -o**2 - 18*o - 1. Let m be t(-12). Let z = 80 - m. Let n = -300 + 444. What is the greatest common divisor of z and n?
9
Suppose 36*l = 22*l + 406. What is the greatest common divisor of 3277 and l?
29
Let r = -3875 - -5205. Calculate the greatest common divisor of r and 570.
190
Let z(m) = m**2 - 5*m + 8. Let h be z(7). Let a(j) = -j**2 - 37*j - 109. Let n be a(-6). What is the highest common factor of h and n?
11
Let o be (-10)/(-75) + (-3388)/(-15). Suppose -104 - o = -3*f. Suppose -5*r = -2*v - 2*v - 62, 5*r + 5*v = 35. What is the greatest common factor of f and r?
10
Let r be 1*(-4)/(-26) - 12642/(-637). Let b be 428/r - (-4)/(-10). What is the greatest common divisor of 84 and b?
21
Suppose 3*t + 269 = j, 374 = 2*j - 4*t - 162. Let r be ((-12)/15)/((-28)/2660). What is the greatest common divisor of j and r?
38
Let m be 2/12*-2*(1 + 32). Let s(p) = p**2 + p - 26. Let n be s(m). Suppose 7*t - n = 5*t. What is the highest common divisor of 105 and t?
21
Let p be (-21420)/(-567) - (-4)/18. Suppose 24*c + 28 = p*c. What is the greatest common factor of 134 and c?
2
Let o = 116 - -60. Suppose -31956*x = -31578*x - 24948. What is the highest common factor of x and o?
22
Suppose -x - 637 = -3*x + 3*q, -3*x = -3*q - 957. What is the highest common factor of x and 52?
4
Suppose 6480 = -1277*t + 1421*t. Let b = -15 + 21. Calculate the greatest common divisor of b and t.
3
Suppose -157 + 27 = -5*h. Let f = 361 + -382. Let l = f + h. What is the greatest common factor of l and 40?
5
Suppose 190*v + 84 = 202*v. What is the greatest common divisor of 1211 and v?
7
Let k be 4/(((-40)/(-150))/(2/5)). Suppose -2*h - k = 0, 5*m + 3*h = 42 + 79. Calculate the greatest common factor of m and 143.
13
Let f(d) = d**3 - 48*d**2 + 50*d - 123. Let u be f(47). Suppose 0 = 3*t - 4*s - 146, 8*t - 12*t = -3*s - 183. What is the highest common divisor of t and u?
6
Suppose 0 = -23*c + 40*c - 187. Suppose -1927 = -c*y + 229. Calculate the greatest common divisor of y and 56.
28
Suppose 12*s + 12 = 25 + 23. What is the highest common factor of s and 933?
3
Suppose 23*l - 65 = 19*l - 9*l. What is the greatest common factor of 5545 and l?
5
Let m(s) = 2*s**3 + 6*s**2 - s. Let y be m(-3). Suppose -3*a + 5*l + 39 = 0, y*a - l = 13 + 14. Calculate the highest common divisor of 72 and a.
8
Let g(o) = -43 + 18*o + 20 + 9 + 23. Let l be g(8). Suppose f = s - 63, -5*f - l = -2*s - 36. Calculate the highest common divisor of s and 22.
22
Suppose 4*t = -t - 25. Let d be 4/6*(-3)/2*t. Let b = d - -9. Calculate the highest common divisor of b and 56.
14
Let g(a) = -67*a - 5608. Let b be g(-84). Calculate the greatest common divisor of 7160 and b.
20
Suppose i - 151 = -q + 568, 2*q - 1411 = -5*i. What is the greatest common divisor of q and 196?
28
Suppose 11*b - 33 = -11. Suppose 0*f + 114 = b*f. Calculate the highest common divisor of f and 627.
57
Suppose -4*t + 580 = 5*z, -z + 2*z = -5*t + 95. Suppose -27*g + 15*g + z = 0. Let s = 187 - 117. What is the greatest common factor of g and s?
10
Let j = -2919 + 2931. What is the highest common divisor of 96 and j?
12
Suppose -4*h + 3*k = -2*k - 303, -3 = k. Suppose -4334*c = -4305*c - 3654. What is the greatest common divisor of h and c?
18
S